{"id":797,"date":"2021-04-23T13:48:55","date_gmt":"2021-04-23T16:48:55","guid":{"rendered":"https:\/\/isfd49-bue.infd.edu.ar\/sitio\/?page_id=797"},"modified":"2021-08-20T19:11:31","modified_gmt":"2021-08-20T22:11:31","slug":"programas","status":"publish","type":"page","link":"https:\/\/isfd49-bue.infd.edu.ar\/sitio\/programas\/","title":{"rendered":"Carreras"},"content":{"rendered":"<p><strong><a href=\"http:\/\/servicios2.abc.gov.ar\/lainstitucion\/organismos\/consejogeneral\/disenioscurriculares\/superior\/ingles\/13296-99modif-por-3581-00.pdf\">Profesorado de Ingl\u00e9s<\/a><\/strong><br><a href=\"http:\/\/servicios2.abc.gov.ar\/lainstitucion\/organismos\/consejogeneral\/disenioscurriculares\/superior\/ingles\/13296-99modif-por-3581-00.pdf\"><strong>Curso de formaci\u00f3n b\u00e1sica de Ingl\u00e9s<\/strong><\/a><br><a href=\"http:\/\/www.ms.gba.gov.ar\/ssps\/capacitacion\/enfermeria\/Tecnicatura-Enfermeria-curricula-FINAL.pdf\"><strong>Enfermer\u00eda<\/strong><\/a><br><a href=\"https:\/\/isfdyt43-bue.infd.edu.ar\/sitio\/wp-content\/uploads\/2019\/05\/3119-15-Fonoaudiolog%C3%ADa.pdf\"><strong>Fonoaudiolog\u00eda<\/strong><\/a><br><a href=\"http:\/\/servicios2.abc.gov.ar\/lainstitucion\/organismos\/consejogeneral\/disenioscurriculares\/documentosdescarga\/res2432-09fd_educ_fisica.pdf\"><strong>Profesorado de Educaci\u00f3n F\u00edsica<\/strong><\/a><br><a href=\"http:\/\/servicios.abc.gov.ar\/lainstitucion\/organismos\/consejogeneral\/disenioscurriculares\/documentosdescarga\/dcurricularsuperior.pdf\"><strong>Profesorado de Educaci\u00f3n Inicial<\/strong><\/a><br><strong><a href=\"http:\/\/servicios.abc.gov.ar\/lainstitucion\/organismos\/consejogeneral\/disenioscurriculares\/documentosdescarga\/dcurricularsuperior.pdf\">Profesorado de Educaci\u00f3n Primaria<\/a><br><\/strong><strong><a href=\"http:\/\/servicios.abc.gov.ar\/lainstitucion\/organismos\/consejogeneral\/disenioscurriculares\/superior\/quimica\/13259-99-modif-por-3581-00quimica.pdf\">Profesorado de Educaci\u00f3n Secundaria en F\u00edsica \/ Qu\u00edmica<\/a><\/strong><br><strong><a href=\"http:\/\/servicios.abc.gov.ar\/lainstitucion\/organismos\/consejogeneral\/tecnicatura\/res\/1221-15-acompaniamiento-terapeutico.pdf\">T\u00e9cnico Superior en Acompa\u00f1amiento Terap\u00e9utico<\/a><\/strong><br><strong><a href=\"http:\/\/servicios.abc.gov.ar\/lainstitucion\/sistemaeducativo\/educsuperiorycapeducativa\/bibliografia\/planesdeestudio\/tecsupenadminderecursoshumanosr276-03.pdf\">T\u00e9cnico Superior en Administraci\u00f3n de Recursos Humanos<\/a><\/strong><br><a href=\"http:\/\/iseta.edu.ar\/sitio\/wp-content\/uploads\/2019\/12\/RSC-4343-2019-ANEXO-Prod.-Agr%C3%ADcola-Ganadera.pdf\"><strong>T\u00e9cnico Superior en Producci\u00f3n Agr\u00edcola Ganadera<\/strong><\/a><br><a href=\"http:\/\/servicios2.abc.gov.ar\/lainstitucion\/organismos\/consejogeneral\/disenioscurriculares\/superior\/geografia\/13259-99modif-por-3581-00-geografia.pdf\"><strong>Profesorado de Educaci\u00f3n Secundaria en Geograf\u00eda<\/strong><\/a><br><strong><a href=\"http:\/\/T\u00e9cnico Superior en Emergencia de Salud\" data-wplink-url-error=\"true\">T\u00e9cnico Superior en Emergencia de Salud<\/a><br><a href=\"http:\/\/servicios.abc.gov.ar\/lainstitucion\/organismos\/consejogeneral\/tecnicatura\/res\/trabajo-social\/trabajosocialres1666-06.pdf\">Trabajo Social<\/a><\/strong><\/p>\n\n\n<p><\/p>\n","protected":false},"excerpt":{"rendered":"<p>Profesorado de Ingl\u00e9sCurso de formaci\u00f3n b\u00e1sica de Ingl\u00e9sEnfermer\u00edaFonoaudiolog\u00edaProfesorado de Educaci\u00f3n F\u00edsicaProfesorado de Educaci\u00f3n InicialProfesorado de Educaci\u00f3n PrimariaProfesorado de Educaci\u00f3n Secundaria en F\u00edsica \/ Qu\u00edmicaT\u00e9cnico Superior en Acompa\u00f1amiento Terap\u00e9uticoT\u00e9cnico Superior en Administraci\u00f3n de Recursos HumanosT\u00e9cnico Superior en Producci\u00f3n Agr\u00edcola GanaderaProfesorado de Educaci\u00f3n Secundaria en Geograf\u00edaT\u00e9cnico Superior en Emergencia de SaludTrabajo Social<\/p>\n","protected":false},"author":980,"featured_media":0,"parent":0,"menu_order":0,"comment_status":"closed","ping_status":"closed","template":"","meta":[],"acf":[],"_links":{"self":[{"href":"https:\/\/isfd49-bue.infd.edu.ar\/sitio\/wp-json\/wp\/v2\/pages\/797"}],"collection":[{"href":"https:\/\/isfd49-bue.infd.edu.ar\/sitio\/wp-json\/wp\/v2\/pages"}],"about":[{"href":"https:\/\/isfd49-bue.infd.edu.ar\/sitio\/wp-json\/wp\/v2\/types\/page"}],"author":[{"embeddable":true,"href":"https:\/\/isfd49-bue.infd.edu.ar\/sitio\/wp-json\/wp\/v2\/users\/980"}],"replies":[{"embeddable":true,"href":"https:\/\/isfd49-bue.infd.edu.ar\/sitio\/wp-json\/wp\/v2\/comments?post=797"}],"version-history":[{"count":4,"href":"https:\/\/isfd49-bue.infd.edu.ar\/sitio\/wp-json\/wp\/v2\/pages\/797\/revisions"}],"predecessor-version":[{"id":836,"href":"https:\/\/isfd49-bue.infd.edu.ar\/sitio\/wp-json\/wp\/v2\/pages\/797\/revisions\/836"}],"wp:attachment":[{"href":"https:\/\/isfd49-bue.infd.edu.ar\/sitio\/wp-json\/wp\/v2\/media?parent=797"}],"curies":[{"name":"wp","href":"https:\/\/api.w.org\/{rel}","templated":true}]}}